 What is a(-4)?
-3
Suppose -3*q + l = -22, 0 = -q + 4*l - 3 - 8. Suppose 5*w - q = -z, z = 5*z + w + 21. Let y(k) = k + 8. Determine y(z).
2
Suppose 40 = 20*c - 12*c. Let k(f) = -9*f + 2. What is k(c)?
-43
Suppose 3*x + f + 1 = -0*f, -4*x + f = -1. Let q(o) = 1 + o + o + x*o**2 - 2*o**2. Suppose -16*a + 26 = -19 - 3. Give q(a).
-11
Let p(f) = -3 + 5 - 4 + 2*f. Let i = -34 - -31. Give p(i).
-8
Suppose -127 = 57*i + 614. Let u(w) = -w**2 - 11*w + 6. Determine u(i).
-20
Suppose 20 = -5*h, h = -k + 4*h + 9. Let y(r) = -6*r + 1 + 0 + 0 - 3. Calculate y(k).
16
Let t(o) be the first derivative of 2*o**3/3 + o**2/2 - 144. Give t(3).
21
Let h(l) be the second derivative of -l**4/12 + 3*l**2/2 + 782*l. Suppose -3*x = -4 - 8. Calculate h(x).
-13
Let q(n) = -n**3 + n**2 + n + 1. Let k(b) = -7*b**3 + 13*b**2 + 4*b - 3. Let x(g) = k(g) - 6*q(g). Let m = -11 + 18. Give x(m).
-23
Let n(l) be the second derivative of l**3/6 - 3*l**2/2 - 2*l. Suppose y + 6 = 5*u - 3*u, -5*u + y + 12 = 0. Let t(w) = -2*w + 4. Let x be t(u). Give n(x).
-3
Let c(f) be the third derivative of -f**4/24 + f**3/6 + 7*f**2. Suppose b + 2*b = -18. Give c(b).
7
Let h(p) be the first derivative of -p**3/6 + 17*p**2/2 + 7*p - 13. Let s(m) be the first derivative of h(m). Calculate s(0).
17
Let w(x) = x + 6. Let h(s) = -s - 5. Let y(d) = d**3 + 4*d**2 + 3*d - 2. Let q be y(-3). Let g(r) = q*h(r) - 3*w(r). Let o be (-196)/48 + 3/36. What is g(o)?
-4
Let z(p) be the third derivative of p**4/24 - 7*p**2 + 13. Let t(o) = 7*o**3 + 2*o**2 + 2*o + 1. Let m be t(-1). Calculate z(m).
-6
Let l(n) = -2*n + 9 - 3*n + 7*n + 7*n. Let s(k) be the third derivative of -5*k**4/24 - 5*k**3/6 - 2*k**2. Let t(o) = 3*l(o) + 5*s(o). Calculate t(-3).
-4
Suppose 16 = g + 11. Suppose 0 = -2*q + b, -3*b = 1 + g. Let s(o) = -1. Let i(x) = -4*x**2 + 2*x - 2. Let d(n) = -i(n) + 3*s(n). Calculate d(q).
5
Let n(b) = -b**3 + 0*b**3 - 73158*b + 73157*b - 6 + 8. Let u = -19 - -40. Let i be 4/14 + (-6)/u. Determine n(i).
2
Suppose -j = -2*b + 7*b - 35, 2*j = 4*b - 28. Let n(a) = a**2 + 2*a**2 - 5 + b*a - 4*a**2. Let u(t) = 4*t. Let g be u(1). What is n(g)?
7
Let p(b) be the first derivative of b**4/4 + b**3 + 2*b - 2. Let i be (-16)/2*(-1)/(-2). What is p(i)?
-14
Let l(a) = -a - 1. Let o = -170 - -170. Determine l(o).
-1
Let j(u) be the first derivative of 7 - 5*u - 1/2*u**2 - u**3 + 1/4*u**4. What is j(4)?
7
Let x(n) = -n + 3. Let l(b) = 4*b - 11. Let z(h) = 2*l(h) + 9*x(h). Let u(s) = 3*s**2 - 32*s - 146. Let c be u(14). Calculate z(c).
11
Let t(n) = -4*n + 40. Suppose -14*f - 33 = -18*f + 3*b, -4*f = -4*b - 32. What is t(f)?
4
Let o(m) = 9*m**3 - 17*m**2 - 2*m + 23. Let c(q) = 4*q**3 - 9*q**2 - q + 10. Let f(b) = 7*c(b) - 3*o(b). Give f(12).
-11
Let s(l) = -l**2. Let k(n) = n**3 + 2*n**2 - 12*n + 12. Let t be k(-5). Calculate s(t).
-9
Let y(b) = 4*b + 47 + 11*b + b - 8*b. Let c(h) = -3*h - 16. Let f(m) = 11*c(m) + 4*y(m). What is f(0)?
12
Let q(u) = 4*u + 2*u - 4*u - 11 - u. Let i be 2/((-2)/(-5)) - (3 - 6). What is q(i)?
-3
Let n(u) be the second derivative of -u**3/2 + u**2/2 - 674*u. Calculate n(4).
-11
Let n(j) = 9*j - 6. Let c(h) = 8*h - 5. Let t(p) = p**3 + 5*p**2 + 4*p - 1. Let g be t(-3). Let i(l) = g*n(l) - 6*c(l). What is i(1)?
-3
Let a(s) = -3*s + 5. Let k be ((-7)/3)/((-10)/(-15))*-2. What is a(k)?
-16
Let u(a) = -a**3 + 5*a**2 + 9*a - 8. Let p = 556 - 550. Determine u(p).
10
Let a(j) = -2*j + 4. Let o be 2*(-5)/(-2)*1. Suppose -o*p + 16 = 6. Suppose -i - 4*i = -p*w + 22, 4*w + i - 22 = 0. Give a(w).
-8
Let m = -24 - -28. Let c(s) = -21*s**2 - 22*s**2 - 3 - s + 44*s**2 + m. Determine c(0).
1
Let t(u) = u**3 + 4*u**2 + u + 1. Suppose 40 = 5*h - 5*p, -h - p + 4 = h. Suppose 2*y - 3 = 3*w, 0 = -2*w - 2*y + h*y. Determine t(w).
7
Let y = 1783 + -1781. Let b(v) be the first derivative of -1 - y*v + 1/2*v**2. What is b(3)?
1
Let l(i) = 8*i + 3. Let h(d) = -d**2 - d + 1. Let b(p) = 5*p**2 + 6*p - 5. Let y(m) = -2*b(m) - 11*h(m). Let g(r) = -l(r) - 2*y(r). Give g(-4).
-9
Let q be ((-57)/76)/((-6)/16). Let w(k) = -182 - 187 - k**q + 374 - 4*k. What is w(-5)?
0
Let j(a) = -8*a + 2*a - 3 + 1. Let l(r) = r. Let c(o) = -j(o) - 5*l(o). Suppose 0 = 3*u - 2*k - 2 + 8, 5*u - 9 = -3*k. Give c(u).
2
Suppose -47*p + 46*p - n = -15, -2*p = -5*n - 30. Let b(y) = y**2 - 17*y + 36. Give b(p).
6
Suppose 24 - 4 = 5*m. Let r(s) = -s - 11*s**2 + 10*s**2 + 2 + 4*s. What is r(m)?
-2
Let g be (1/3)/((-2)/(-78)). Suppose -g*r - 11 = 15. Let u(i) = 3*i**2 - 2. Determine u(r).
10
Let m(g) = g - 9. Let f be m(12). Let w(l) = -3*l**3 - 9*l**2 + l + 1. Let o(z) = -2*z**3 - 8*z**2 + z + 2. Let u(y) = f*w(y) - 4*o(y). Give u(4).
7
Let d(g) = -g**3 + 6*g**2 - 3*g - 5. Suppose -2*y = -3*a - 6*y + 19, -2*a = -4*y + 14. Let j = 4 - a. Let k = j + 1. Calculate d(k).
15
Suppose -9*h = -13*h + 92. Suppose -3*i - 8 = -h. Let m(s) = s**2 + s + 5 - 2 - 7*s. Determine m(i).
-2
Let d(z) = 14 - 2*z**2 - 17 + 6 + 0 - 2*z. Calculate d(2).
-9
Let i(p) = -66 + 3*p**2 + 10*p**2 + 71 + p + p**3. Give i(-13).
-8
Let x(w) = -w**3 - 7*w**2 - 5. Let i be x(-7). Let r(n) = -18*n + 5 + 33*n - 14*n. Calculate r(i).
0
Let t(m) = -3*m + 1. Let p(w) = w**2 + 16*w + 2. Let z be p(-12). Let a = 45 + z. Give t(a).
4
Let h(f) = -f**3 + 4*f**2 + 3*f + 6. Let u be (0 + -1)/(-3)*(-234)/(-13). Calculate h(u).
-48
Let u = -87 - -93. Let w(b) = -b**2 + 5*b + 4. What is w(u)?
-2
Let l(q) = 2*q. Let w = -35 + 37. What is l(w)?
4
Suppose -l = -5*b + 5, 2*b - 3 = -b. Let i(f) = 2*f + 10 - 11 - f**2 + 18*f**3 + l*f. Calculate i(1).
18
Let x(h) = -h**3 - 5*h**2 + 4*h - 7. Let i be (-26)/(-10) - 9/15. Suppose i*q - 7*q = 30. Give x(q).
5
Let f(q) be the first derivative of q**7/840 - q**6/72 + q**5/20 - q**4/12 + 3*q**3 + 13. Let k(z) be the third derivative of f(z). Calculate k(4).
6
Let n(q) = q**3 - 3*q**2 - 3*q - 3. Suppose k + 17 = 3*m, -3*k + 0 - 15 = 0. What is n(m)?
1
Let z(n) = -n**2 + 4. Suppose p + 4*v = 13, -15 + 11 = -4*p - 4*v. Give z(p).
-5
Let r be -9*(-2)/(0 + -2). Let x(l) = -3*l**2 + 9*l - 13. Let a(s) = 8*s**2 - 19*s + 27. Let w(o) = 2*a(o) + 5*x(o). Calculate w(r).
7
Let k(w) = 15*w**2 - 3*w + 2. Let o(f) = f - 4. Let i be o(6). Let g(a) = 8*a**2 - a + 1. Let l(x) = i*k(x) - 5*g(x). What is l(-1)?
-10
Let a be (3/(24/118))/(1/4). Let q = a - 62. Let l(z) be the first derivative of z**3/3 + z**2/2 - 4*z + 1. Calculate l(q).
2
Let t(o) = -o**3 + 5*o**2 + 2*o - 2. Let z(r) = r**2 + 28*r - 199. Let h be z(-34). Determine t(h).
8
Let t(z) = z**2 + 6*z - 2. Suppose 3*p + p - 24 = 0. Let w be 7/42 + 89/p. Let l = w + -20. Give t(l).
-7
Let g(h) be the third derivative of 5*h**4/24 + h**3 - 56*h**2. What is g(-1)?
1
Let f(y) = -y + 1. Suppose -4*x + 10 = x. Let q(k) = -k**x + 6*k - k**2 + 0 - 2 + k**2. Let d be q(5). Give f(d).
-2
Let d = -135 - -129. Suppose 23 = 3*r - 1. Let b(k) = 0*k**3 - 2 - 5*k**2 - k**3 + r*k - 1. What is b(d)?
-15
Let o = -81 - -93. Suppose 0 = o*c - 6*c + 30. Let x(t) = -t - 2*t**2 + 5 - t**3 - 2*t**2 + 4*t. Give x(c).
15
Let h be 4*12/24 - (7 + -2). Let k(l) = -3*l**2 + 3*l + 3. Give k(h).
-33
Let o(i) = 1542*i + 1 - 3 - 1541*i + 11. What is o(-6)?
3
Let p(t) = -t**3 + 3*t**2 + t - 1. Let r = 2 + 14. Let v = 18 - r. Suppose 3*k - v*n = -0*k + 5, -3*k - 5*n = -19. What is p(k)?
2
Let s(z) = -2*z + 2. Let p(v) = -2*v**2 + 14*v - 9. Let m(n) = -p(n) - 3*s(n). Calculate m(5).
13
Let v(y) be the first derivative of -y**4/4 + 5*y**3 + 13*y - 448. Give v(15).
13
Suppose -6*c + 0 = -6. Let p(l) be the second derivative of -l**4 + l**2/2 + 37*l. Determine p(c).
-11
Let r(j) be the third derivative of -j**4/24 - 3*j**3/2 + j**2. Suppose 2*u = 5*k + 35, -2*u - 14 = -38*k + 40*k. Determine r(k).
-2
Let d(y) = -3*y - 12. Let w be d(-3). Let g be -1 - (w + (-15)/5). Let s(o) = -4*o + 7. Calculate s(g).
-13
Let i be ((-2)/(-24))/(6 + -1 + 0). Let d(s) be the third derivative of 0*s + s**2 + 0*s**3 + i*s**5 + 0 - 5/24*s**4. Calculate d(5).
0
Let o(b) = -13*b - 30. Let v(u) = 3*u + 8. Let i(m) = 2*o(m) + 9*v(m). Calculate i(-5).
7
Let p(m) = -m**3 + m**2 - m - 4. Let n be p(-2). Let i(f) = -f**2 + 13*f - 25. Calculate i(n).
5
Suppose -5*a - 12 = -8*a. Suppose -5*x - a = 6. Let t(c) be the second derivative of -c**5/20 + c**3/6 - c**2 - 25*c. What is t(x)?
4
Let p = 1